{"id":2733,"date":"2024-02-19T16:18:14","date_gmt":"2024-02-19T15:18:14","guid":{"rendered":"https:\/\/www.fincasgonzalez.com\/assessoria-laboral-barcelona\/"},"modified":"2024-02-21T08:52:59","modified_gmt":"2024-02-21T07:52:59","slug":"assessoria-laboral-barcelona","status":"publish","type":"page","link":"https:\/\/www.fincasgonzalez.com\/ca\/assessoria-laboral-barcelona\/","title":{"rendered":"Assessoria Laboral Barcelona"},"content":{"rendered":"<div class=\"wpb-content-wrapper\"><p>[vc_row][vc_column][vc_empty_space][vc_column_text]Assessorament i auditoria laboral per comprovar que tant a nivell salarial com de seguretat social l&#8217;empresa es troba dins les obligacions legals.[\/vc_column_text][vc_row_inner el_id=&#8221;nom&#8221;][vc_column_inner width=&#8221;1\/2&#8243;][vc_column_text]<\/p>\n<h2><strong>Gesti\u00f3 n\u00f2mines i Seguretat Social<\/strong><\/h2>\n<p><strong> <\/strong><\/p>\n<p>Altes\/baixes de treballadors, bonificacions etc.<\/p>\n<p>Confecci\u00f3 fulls de salari, actualitzacions de conveni, regularitzaci\u00f3 trimestral i<\/p>\n<p>tancament anual de retencions, embargaments salarials i qualsevol incid\u00e8ncia salarial a les<\/p>\n<p>n\u00f2mines, aix\u00ed com generaci\u00f3 del quadrant mensual d&#8217;hores per als contractes a<\/p>\n<p>temps parcial a emplenar per part del client.[\/vc_column_text][\/vc_column_inner][vc_column_inner width=&#8221;1\/2&#8243;][vc_single_image image=&#8221;2434&#8243; img_size=&#8221;full&#8221; alignment=&#8221;center&#8221;][\/vc_column_inner][\/vc_row_inner][vc_row_inner el_id=&#8221;red&#8221;][vc_column_inner width=&#8221;1\/2&#8243;][vc_single_image image=&#8221;2440&#8243; img_size=&#8221;full&#8221; alignment=&#8221;center&#8221;][\/vc_column_inner][vc_column_inner width=&#8221;1\/2&#8243;][vc_column_text]<\/p>\n<h2><strong>Sistema RED, (Remissi\u00f3 Electr\u00f2nica de Dades)<\/strong><\/h2>\n<p>&nbsp;<\/p>\n<p>Preparaci\u00f3 i presentaci\u00f3 a trav\u00e9s del Sistema Xarxa de les Assegurances Socials mensuals, tramitaci\u00f3 de les parts d&#8217;alta, baixa i confirmaci\u00f3 en processos d&#8217;incapacitat temporal.<\/p>\n<p>Enviament mensual de fitxer de Conceptes Retributius Abonats (CRA).[\/vc_column_text][\/vc_column_inner][\/vc_row_inner][vc_row_inner el_id=&#8221;lab&#8221;][vc_column_inner width=&#8221;1\/2&#8243;][vc_column_text]<\/p>\n<h2><strong>Planificaci\u00f3 laboral i Assessorament<\/strong><\/h2>\n<p>&nbsp;<\/p>\n<p>Col\u00b7laboraci\u00f3 en la definici\u00f3 i el control de la pol\u00edtica laboral de la Companyia, a trav\u00e9s del coneixement de les operacions, tipus de contractes i modificacions legals d&#8217;ordre laboral.<\/p>\n<p>Assessoria &#8220;on line&#8221; telef\u00f2nica en l&#8217;\u00e0mbit laboral, acomiadaments, ERO i ERTE, Amonestacions, Inspeccions de treball, Contractes d&#8217;alta direcci\u00f3, Prestacions de Seguretat Social, Jubilacions, Incapacitats&#8230;[\/vc_column_text][\/vc_column_inner][vc_column_inner width=&#8221;1\/2&#8243;][vc_single_image image=&#8221;2442&#8243; img_size=&#8221;full&#8221; alignment=&#8221;center&#8221;][\/vc_column_inner][\/vc_row_inner][\/vc_column][\/vc_row][vc_row][vc_column][vc_column_text]<\/p>\n<p>[\/vc_column_text][\/vc_column][\/vc_row]<\/p>\n<\/div>","protected":false},"excerpt":{"rendered":"<p>[vc_row][vc_column][vc_empty_space][vc_column_text]Assessorament i auditoria laboral per comprovar que tant a nivell salarial com de seguretat social l&#8217;empresa es troba dins les obligacions legals.[\/vc_column_text][vc_row_inner el_id=&#8221;nom&#8221;][vc_column_inner width=&#8221;1\/2&#8243;][vc_column_text] Gesti\u00f3 n\u00f2mines<span class=\"excerpt-hellip\"> [\u2026]<\/span><\/p>\n","protected":false},"author":6,"featured_media":0,"parent":0,"menu_order":0,"comment_status":"open","ping_status":"closed","template":"","meta":{"footnotes":""},"class_list":["post-2733","page","type-page","status-publish","hentry"],"_links":{"self":[{"href":"https:\/\/www.fincasgonzalez.com\/ca\/wp-json\/wp\/v2\/pages\/2733","targetHints":{"allow":["GET"]}}],"collection":[{"href":"https:\/\/www.fincasgonzalez.com\/ca\/wp-json\/wp\/v2\/pages"}],"about":[{"href":"https:\/\/www.fincasgonzalez.com\/ca\/wp-json\/wp\/v2\/types\/page"}],"author":[{"embeddable":true,"href":"https:\/\/www.fincasgonzalez.com\/ca\/wp-json\/wp\/v2\/users\/6"}],"replies":[{"embeddable":true,"href":"https:\/\/www.fincasgonzalez.com\/ca\/wp-json\/wp\/v2\/comments?post=2733"}],"version-history":[{"count":5,"href":"https:\/\/www.fincasgonzalez.com\/ca\/wp-json\/wp\/v2\/pages\/2733\/revisions"}],"predecessor-version":[{"id":2815,"href":"https:\/\/www.fincasgonzalez.com\/ca\/wp-json\/wp\/v2\/pages\/2733\/revisions\/2815"}],"wp:attachment":[{"href":"https:\/\/www.fincasgonzalez.com\/ca\/wp-json\/wp\/v2\/media?parent=2733"}],"curies":[{"name":"wp","href":"https:\/\/api.w.org\/{rel}","templated":true}]}}

<div class="wpb-content-wrapper"><p>[vc_row][vc_column][vc_empty_space][vc_column_text]Assessorament i auditoria laboral per comprovar que tant a nivell salarial com de seguretat social l&#8217;empresa es troba dins les obligacions legals.[/vc_column_text][vc_row_inner el_id=&#8221;nom&#8221;][vc_column_inner width=&#8221;1/2&#8243;][vc_column_text]</p>
<h2><strong>Gestió nòmines i Seguretat Social</strong></h2>
<p><strong> </strong></p>
<p>Altes/baixes de treballadors, bonificacions etc.</p>
<p>Confecció fulls de salari, actualitzacions de conveni, regularització trimestral i</p>
<p>tancament anual de retencions, embargaments salarials i qualsevol incidència salarial a les</p>
<p>nòmines, així com generació del quadrant mensual d&#8217;hores per als contractes a</p>
<p>temps parcial a emplenar per part del client.[/vc_column_text][/vc_column_inner][vc_column_inner width=&#8221;1/2&#8243;][vc_single_image image=&#8221;2434&#8243; img_size=&#8221;full&#8221; alignment=&#8221;center&#8221;][/vc_column_inner][/vc_row_inner][vc_row_inner el_id=&#8221;red&#8221;][vc_column_inner width=&#8221;1/2&#8243;][vc_single_image image=&#8221;2440&#8243; img_size=&#8221;full&#8221; alignment=&#8221;center&#8221;][/vc_column_inner][vc_column_inner width=&#8221;1/2&#8243;][vc_column_text]</p>
<h2><strong>Sistema RED, (Remissió Electrònica de Dades)</strong></h2>
<p>&nbsp;</p>
<p>Preparació i presentació a través del Sistema Xarxa de les Assegurances Socials mensuals, tramitació de les parts d&#8217;alta, baixa i confirmació en processos d&#8217;incapacitat temporal.</p>
<p>Enviament mensual de fitxer de Conceptes Retributius Abonats (CRA).[/vc_column_text][/vc_column_inner][/vc_row_inner][vc_row_inner el_id=&#8221;lab&#8221;][vc_column_inner width=&#8221;1/2&#8243;][vc_column_text]</p>
<h2><strong>Planificació laboral i Assessorament</strong></h2>
<p>&nbsp;</p>
<p>Col·laboració en la definició i el control de la política laboral de la Companyia, a través del coneixement de les operacions, tipus de contractes i modificacions legals d&#8217;ordre laboral.</p>
<p>Assessoria &#8220;on line&#8221; telefònica en l&#8217;àmbit laboral, acomiadaments, ERO i ERTE, Amonestacions, Inspeccions de treball, Contractes d&#8217;alta direcció, Prestacions de Seguretat Social, Jubilacions, Incapacitats&#8230;[/vc_column_text][/vc_column_inner][vc_column_inner width=&#8221;1/2&#8243;][vc_single_image image=&#8221;2442&#8243; img_size=&#8221;full&#8221; alignment=&#8221;center&#8221;][/vc_column_inner][/vc_row_inner][/vc_column][/vc_row][vc_row][vc_column][vc_column_text]</p>
<p>[/vc_column_text][/vc_column][/vc_row]</p>
</div>

<p>[vc_row][vc_column][vc_empty_space][vc_column_text]Assessorament i auditoria laboral per comprovar que tant a nivell salarial com de seguretat social l&#8217;empresa es troba dins les obligacions legals.[/vc_column_text][vc_row_inner el_id=&#8221;nom&#8221;][vc_column_inner width=&#8221;1/2&#8243;][vc_column_text] Gestió nòmines<span class="excerpt-hellip"> […]</span></p>
