{"id":2736,"date":"2024-02-19T16:20:18","date_gmt":"2024-02-19T15:20:18","guid":{"rendered":"https:\/\/www.fincasgonzalez.com\/serveis-juridics-barcelona\/"},"modified":"2024-02-21T08:49:17","modified_gmt":"2024-02-21T07:49:17","slug":"serveis-juridics-barcelona","status":"publish","type":"page","link":"https:\/\/www.fincasgonzalez.com\/ca\/serveis-juridics-barcelona\/","title":{"rendered":"Serveis Jur\u00eddics Barcelona"},"content":{"rendered":"<div class=\"wpb-content-wrapper\"><p>[vc_row][vc_column][vc_empty_space][vc_column_text][\/vc_column_text][vc_row_inner el_id=&#8221;admin&#8221;][vc_column_inner width=&#8221;1\/2&#8243;][vc_column_text]<\/p>\n<h2><strong>Dret Administratiu<\/strong><\/h2>\n<ul>\n<li>Reclamaci\u00f3 d&#8217;indemnitzaci\u00f3 per danys causats per l&#8217;Administraci\u00f3: Responsabilitat de les administracions p\u00fabliques.<\/li>\n<li>Urbanisme i Expropiaci\u00f3 for\u00e7osa.<\/li>\n<li>Impugnaci\u00f3 de Sancions Administratives.<\/li>\n<li>Impugnaci\u00f3 de decisions de l&#8217;Administraci\u00f3 davant de la jurisdicci\u00f3 contenciosa administrativa.<\/li>\n<\/ul>\n<p>[\/vc_column_text][\/vc_column_inner][vc_column_inner width=&#8221;1\/2&#8243;][vc_single_image image=&#8221;2448&#8243; img_size=&#8221;full&#8221; alignment=&#8221;center&#8221;][\/vc_column_inner][\/vc_row_inner][vc_row_inner el_id=&#8221;civil&#8221;][vc_column_inner width=&#8221;1\/2&#8243;][vc_single_image image=&#8221;2449&#8243; img_size=&#8221;full&#8221; alignment=&#8221;center&#8221;][\/vc_column_inner][vc_column_inner width=&#8221;1\/2&#8243;][vc_column_text]<\/p>\n<h2><strong>Dret Civil i Processal<\/strong><\/h2>\n<ul>\n<li>Dret de la propietat. Dret immobiliari. Arrendaments. Obligacions i Contractes de tota mena.<\/li>\n<li>Responsabilitat Contractual, extracontractual i professional.<\/li>\n<li>Dret Foral Catal\u00e0.<\/li>\n<li>Testament\u00e0ries i processos successoris.<\/li>\n<li>Gesti\u00f3 de patrimonis.<\/li>\n<li>Processos sobre reclamaci\u00f3 econ\u00f2mica civil.<\/li>\n<li>Processos Executius, hipotecaris, canviaris i monitoris.<\/li>\n<\/ul>\n<p>[\/vc_column_text][\/vc_column_inner][\/vc_row_inner][vc_row_inner el_id=&#8221;fam&#8221;][vc_column_inner width=&#8221;1\/2&#8243;][vc_column_text]<\/p>\n<h2><strong>Dret de fam\u00edlia<\/strong><\/h2>\n<ul>\n<li>Divorcis i Separacions civils. Especialistes en processos contenciosos sobre cust\u00f2dia compartida.<\/li>\n<li>Nul\u00b7litats can\u00f2niques.<\/li>\n<li>Convenis Reguladors de separacions de fet.<\/li>\n<li>Assessorament integral en l&#8217;\u00e0mbit del dret de la persona, incapacitats, tuteles, curateles i emancipacions.<\/li>\n<\/ul>\n<p>[\/vc_column_text][\/vc_column_inner][vc_column_inner width=&#8221;1\/2&#8243;][vc_single_image image=&#8221;2451&#8243; img_size=&#8221;full&#8221; alignment=&#8221;center&#8221;][\/vc_column_inner][\/vc_row_inner][vc_row_inner el_id=&#8221;merc&#8221;][vc_column_inner width=&#8221;1\/2&#8243;][vc_single_image image=&#8221;2291&#8243; img_size=&#8221;full&#8221; alignment=&#8221;center&#8221;][\/vc_column_inner][vc_column_inner width=&#8221;1\/2&#8243;][vc_column_text]<\/p>\n<h2><strong>Dret Mercantil<\/strong><\/h2>\n<ul>\n<li>Constituci\u00f3 i desenvolupament jur\u00eddic de fundacions privades.<\/li>\n<li>Assessorament sobre inversions regulades per la legislaci\u00f3 del mecenatge.<\/li>\n<li>Societat familiar. Assessorament per a la constituci\u00f3 i el desenvolupament. Assessorament a l&#8217;\u00e0mbit fiscal, civil, successori i mercantil.<\/li>\n<li>Concurs de creditors. Assessorament a empreses i persones f\u00edsiques en aquests processos per a la representaci\u00f3 i la interposici\u00f3.<\/li>\n<\/ul>\n<p>[\/vc_column_text][\/vc_column_inner][\/vc_row_inner][vc_row_inner el_id=&#8221;tribu&#8221;][vc_column_inner width=&#8221;1\/2&#8243;][vc_column_text]<\/p>\n<h2><strong>Dret Tributari<\/strong><\/h2>\n<ul>\n<li>Assessorament tributari general i espec\u00edfic en mat\u00e8ria de successions.<\/li>\n<li>Oferim una tarifa plana, ajustada a les necessitats reals, di\u00e0ries, mensuals o anuals de client.<\/li>\n<li>Treballem la gesti\u00f3 de conflictes en els processos previs al divorci\/separaci\u00f3, durant la seva tramitaci\u00f3 i de forma posterior una vegada hi hagi sent\u00e8ncia i es presentin situacions d&#8217;incompliment.<\/li>\n<li>Com a advocats assessorem el client, redactem documents de comunicaci\u00f3 i mitj\u00e0 en les negociacions.<\/li>\n<li>Com a mediadors, oferim una feina des de l&#8217;arrel del conflicte, assessorant el client a la recerca de les seves veritables necessitats.<\/li>\n<\/ul>\n<p>[\/vc_column_text][\/vc_column_inner][vc_column_inner width=&#8221;1\/2&#8243;][vc_single_image image=&#8221;2453&#8243; img_size=&#8221;full&#8221; alignment=&#8221;center&#8221;][\/vc_column_inner][\/vc_row_inner][vc_row_inner el_id=&#8221;medi&#8221;][vc_column_inner width=&#8221;1\/2&#8243;][vc_single_image image=&#8221;2445&#8243; img_size=&#8221;full&#8221; alignment=&#8221;center&#8221;][\/vc_column_inner][vc_column_inner width=&#8221;1\/2&#8243;][vc_column_text]<\/p>\n<h2><strong>Mediaci\u00f3 Familiar <\/strong><\/h2>\n<ul>\n<li>Mediaci\u00f3 a l&#8217;\u00e0mbit de conflictes de fam\u00edlia.<\/li>\n<\/ul>\n<p>Mediaci\u00f3 com a sistema alternatiu a la soluci\u00f3 de conflictes de car\u00e0cter civil.[\/vc_column_text][\/vc_column_inner][\/vc_row_inner][\/vc_column][\/vc_row][vc_row][vc_column][vc_column_text]<\/p>\n<p>[\/vc_column_text][\/vc_column][\/vc_row]<\/p>\n<\/div>","protected":false},"excerpt":{"rendered":"<p>[vc_row][vc_column][vc_empty_space][vc_column_text][\/vc_column_text][vc_row_inner el_id=&#8221;admin&#8221;][vc_column_inner width=&#8221;1\/2&#8243;][vc_column_text] Dret Administratiu Reclamaci\u00f3 d&#8217;indemnitzaci\u00f3 per danys causats per l&#8217;Administraci\u00f3: Responsabilitat de les administracions p\u00fabliques. Urbanisme i Expropiaci\u00f3 for\u00e7osa. Impugnaci\u00f3 de Sancions Administratives. Impugnaci\u00f3<span class=\"excerpt-hellip\"> [\u2026]<\/span><\/p>\n","protected":false},"author":6,"featured_media":0,"parent":0,"menu_order":0,"comment_status":"open","ping_status":"closed","template":"","meta":{"footnotes":""},"class_list":["post-2736","page","type-page","status-publish","hentry"],"_links":{"self":[{"href":"https:\/\/www.fincasgonzalez.com\/ca\/wp-json\/wp\/v2\/pages\/2736","targetHints":{"allow":["GET"]}}],"collection":[{"href":"https:\/\/www.fincasgonzalez.com\/ca\/wp-json\/wp\/v2\/pages"}],"about":[{"href":"https:\/\/www.fincasgonzalez.com\/ca\/wp-json\/wp\/v2\/types\/page"}],"author":[{"embeddable":true,"href":"https:\/\/www.fincasgonzalez.com\/ca\/wp-json\/wp\/v2\/users\/6"}],"replies":[{"embeddable":true,"href":"https:\/\/www.fincasgonzalez.com\/ca\/wp-json\/wp\/v2\/comments?post=2736"}],"version-history":[{"count":5,"href":"https:\/\/www.fincasgonzalez.com\/ca\/wp-json\/wp\/v2\/pages\/2736\/revisions"}],"predecessor-version":[{"id":2802,"href":"https:\/\/www.fincasgonzalez.com\/ca\/wp-json\/wp\/v2\/pages\/2736\/revisions\/2802"}],"wp:attachment":[{"href":"https:\/\/www.fincasgonzalez.com\/ca\/wp-json\/wp\/v2\/media?parent=2736"}],"curies":[{"name":"wp","href":"https:\/\/api.w.org\/{rel}","templated":true}]}}

Serveis Jurídics Barcelona

<div class="wpb-content-wrapper"><p>[vc_row][vc_column][vc_empty_space][vc_column_text][/vc_column_text][vc_row_inner el_id=&#8221;admin&#8221;][vc_column_inner width=&#8221;1/2&#8243;][vc_column_text]</p>
<h2><strong>Dret Administratiu</strong></h2>
<ul>
<li>Reclamació d&#8217;indemnització per danys causats per l&#8217;Administració: Responsabilitat de les administracions públiques.</li>
<li>Urbanisme i Expropiació forçosa.</li>
<li>Impugnació de Sancions Administratives.</li>
<li>Impugnació de decisions de l&#8217;Administració davant de la jurisdicció contenciosa administrativa.</li>
</ul>
<p>[/vc_column_text][/vc_column_inner][vc_column_inner width=&#8221;1/2&#8243;][vc_single_image image=&#8221;2448&#8243; img_size=&#8221;full&#8221; alignment=&#8221;center&#8221;][/vc_column_inner][/vc_row_inner][vc_row_inner el_id=&#8221;civil&#8221;][vc_column_inner width=&#8221;1/2&#8243;][vc_single_image image=&#8221;2449&#8243; img_size=&#8221;full&#8221; alignment=&#8221;center&#8221;][/vc_column_inner][vc_column_inner width=&#8221;1/2&#8243;][vc_column_text]</p>
<h2><strong>Dret Civil i Processal</strong></h2>
<ul>
<li>Dret de la propietat. Dret immobiliari. Arrendaments. Obligacions i Contractes de tota mena.</li>
<li>Responsabilitat Contractual, extracontractual i professional.</li>
<li>Dret Foral Català.</li>
<li>Testamentàries i processos successoris.</li>
<li>Gestió de patrimonis.</li>
<li>Processos sobre reclamació econòmica civil.</li>
<li>Processos Executius, hipotecaris, canviaris i monitoris.</li>
</ul>
<p>[/vc_column_text][/vc_column_inner][/vc_row_inner][vc_row_inner el_id=&#8221;fam&#8221;][vc_column_inner width=&#8221;1/2&#8243;][vc_column_text]</p>
<h2><strong>Dret de família</strong></h2>
<ul>
<li>Divorcis i Separacions civils. Especialistes en processos contenciosos sobre custòdia compartida.</li>
<li>Nul·litats canòniques.</li>
<li>Convenis Reguladors de separacions de fet.</li>
<li>Assessorament integral en l&#8217;àmbit del dret de la persona, incapacitats, tuteles, curateles i emancipacions.</li>
</ul>
<p>[/vc_column_text][/vc_column_inner][vc_column_inner width=&#8221;1/2&#8243;][vc_single_image image=&#8221;2451&#8243; img_size=&#8221;full&#8221; alignment=&#8221;center&#8221;][/vc_column_inner][/vc_row_inner][vc_row_inner el_id=&#8221;merc&#8221;][vc_column_inner width=&#8221;1/2&#8243;][vc_single_image image=&#8221;2291&#8243; img_size=&#8221;full&#8221; alignment=&#8221;center&#8221;][/vc_column_inner][vc_column_inner width=&#8221;1/2&#8243;][vc_column_text]</p>
<h2><strong>Dret Mercantil</strong></h2>
<ul>
<li>Constitució i desenvolupament jurídic de fundacions privades.</li>
<li>Assessorament sobre inversions regulades per la legislació del mecenatge.</li>
<li>Societat familiar. Assessorament per a la constitució i el desenvolupament. Assessorament a l&#8217;àmbit fiscal, civil, successori i mercantil.</li>
<li>Concurs de creditors. Assessorament a empreses i persones físiques en aquests processos per a la representació i la interposició.</li>
</ul>
<p>[/vc_column_text][/vc_column_inner][/vc_row_inner][vc_row_inner el_id=&#8221;tribu&#8221;][vc_column_inner width=&#8221;1/2&#8243;][vc_column_text]</p>
<h2><strong>Dret Tributari</strong></h2>
<ul>
<li>Assessorament tributari general i específic en matèria de successions.</li>
<li>Oferim una tarifa plana, ajustada a les necessitats reals, diàries, mensuals o anuals de client.</li>
<li>Treballem la gestió de conflictes en els processos previs al divorci/separació, durant la seva tramitació i de forma posterior una vegada hi hagi sentència i es presentin situacions d&#8217;incompliment.</li>
<li>Com a advocats assessorem el client, redactem documents de comunicació i mitjà en les negociacions.</li>
<li>Com a mediadors, oferim una feina des de l&#8217;arrel del conflicte, assessorant el client a la recerca de les seves veritables necessitats.</li>
</ul>
<p>[/vc_column_text][/vc_column_inner][vc_column_inner width=&#8221;1/2&#8243;][vc_single_image image=&#8221;2453&#8243; img_size=&#8221;full&#8221; alignment=&#8221;center&#8221;][/vc_column_inner][/vc_row_inner][vc_row_inner el_id=&#8221;medi&#8221;][vc_column_inner width=&#8221;1/2&#8243;][vc_single_image image=&#8221;2445&#8243; img_size=&#8221;full&#8221; alignment=&#8221;center&#8221;][/vc_column_inner][vc_column_inner width=&#8221;1/2&#8243;][vc_column_text]</p>
<h2><strong>Mediació Familiar </strong></h2>
<ul>
<li>Mediació a l&#8217;àmbit de conflictes de família.</li>
</ul>
<p>Mediació com a sistema alternatiu a la solució de conflictes de caràcter civil.[/vc_column_text][/vc_column_inner][/vc_row_inner][/vc_column][/vc_row][vc_row][vc_column][vc_column_text]</p>
<p>[/vc_column_text][/vc_column][/vc_row]</p>
</div>

<p>[vc_row][vc_column][vc_empty_space][vc_column_text][/vc_column_text][vc_row_inner el_id=&#8221;admin&#8221;][vc_column_inner width=&#8221;1/2&#8243;][vc_column_text] Dret Administratiu Reclamació d&#8217;indemnització per danys causats per l&#8217;Administració: Responsabilitat de les administracions públiques. Urbanisme i Expropiació forçosa. Impugnació de Sancions Administratives. Impugnació<span class="excerpt-hellip"> […]</span></p>
